be (j/10)/(2/4) + 1. What is the greatest common divisor of 2 and z?
2
Suppose -69 = -5*d + 3*b, 4*d + b = d + 33. Suppose 0*g + g = q - d, 2*g = 4*q - 58. Suppose 7*a - 2*a = 765. What is the greatest common factor of q and a?
17
Suppose 6847 = 15*c - 2843. What is the highest common factor of 51 and c?
17
Suppose 0 = a + 5*j - 27, 2*a - 2 = -2*j + 12. Suppose a*g = -0*g + 16. What is the highest common divisor of g and 8?
8
Suppose 7*w = 1567 - 426. Let q = -71 + w. Suppose 0 = 5*j - q + 22. What is the highest common divisor of 112 and j?
14
Let j(y) = y**3 + 10*y**2 - 19*y + 20. Let u be j(-11). Calculate the greatest common divisor of u and 81.
27
Let s be 938/119 + 2/17. Suppose 3 - s = -o. Let j = 29 - 14. What is the highest common divisor of j and o?
5
Suppose 387*n - 24 = 381*n. Calculate the greatest common divisor of 46 and n.
2
Let y = 5 - -58. Suppose 3*x + 5 = 26. Calculate the highest common divisor of x and y.
7
Let k(d) = d**3 - 19*d**2 + 62*d - 39. Let s be k(16). Let q be (-2)/(1 + (-78)/74). Calculate the greatest common divisor of q and s.
37
Let b be 11/(-88) + (-50)/(-16). Suppose b*n - 185 = -17. Let w = n + -30. What is the highest common divisor of w and 39?
13
Suppose -13 = -0*d - d - 4*t, -2*d = -2*t + 14. Let r be (-2216)/(-56) + d/(-7). Let j = r + 17. What is the highest common divisor of j and 19?
19
Suppose z + 4*l - 142 = 0, -138 = 4*z + 2*l - 678. Calculate the highest common factor of 1273 and z.
67
Let a = 1336 - 1230. Calculate the highest common factor of a and 1166.
106
Let u = 33 - 8. Let p = 260 + -160. Calculate the greatest common divisor of u and p.
25
Let p(l) = -4*l + 8. Let r be p(-8). Suppose -3*i - 6 = 0, 5*i - 10 = -4*f + 2*i. What is the greatest common factor of f and r?
4
Let k(j) = 7*j + 257. Let g be k(-15). What is the greatest common divisor of 494 and g?
38
Suppose 768 = 12*k - 408. What is the greatest common divisor of 2 and k?
2
Let f = 778 - 813. Suppose -3*s + 20 = -5*r, 4 = -4*r - s - 29. Let x = r - f. Calculate the highest common factor of x and 14.
14
Let q be (21/(-7) + 5)/(4/14). Let g(a) = -a**3 + 3*a**2 + a + 4. Let y be g(3). Calculate the greatest common divisor of y and q.
7
Let c = 40 + -28. Let g = -255 - -263. Calculate the greatest common divisor of c and g.
4
Suppose -1 = 2*x - 3. Let l be 2/(3 - 1)*x. Let g(p) = 9*p**2 - p. Let a be g(l). What is the greatest common factor of 2 and a?
2
Let c(x) = 138*x - 568. Let r be c(17). What is the highest common divisor of 28 and r?
14
Suppose 0 = -11*t - 22*a + 17*a + 1061, -3*t - 5*a = -293. What is the highest common factor of 18 and t?
6
Let m = 22 - 15. Let o be (4/18 - (-64)/36) + 75. What is the highest common factor of m and o?
7
Let c = 48 + -20. Let h(t) = -12*t. Let q(o) = 12*o. Let s(p) = -5*h(p) - 4*q(p). Let k be s(7). Calculate the highest common divisor of k and c.
28
Let a = -4 + 26. Let p(y) = 3*y + 20*y**2 - a*y**2 - 10*y**3 + 2 - 2*y. Let t be p(-2). Calculate the highest common divisor of t and 9.
9
Let y = -1521 - -1766. What is the greatest common divisor of 175 and y?
35
Let n = 2 + 0. Suppose n*g + 6 = 5*g. Suppose -2*o - 4*q + 34 = 0, 3*o - q - 78 = g*q. What is the greatest common factor of o and 207?
23
Suppose -15 = 121*o - 116*o. Let p be ((-26)/4)/(-4*o/(-72)). Calculate the greatest common factor of 13 and p.
13
Let r be 15/((-4 + 10)/18)*7. What is the highest common divisor of r and 180?
45
Suppose 4*r + r - 10 = 0. Let f be r + (2 - (2 - 25)). Calculate the highest common factor of f and 189.
27
Let r be (18 + 15)*5/(5/21). Calculate the greatest common factor of 63 and r.
63
Suppose -5*t = -0*t - 5. Suppose 3 + 39 = 3*q. Suppose h = -h + q. Calculate the greatest common factor of h and t.
1
Let n be (12/10)/((-8)/(-20))*1. Suppose -3*j = 5*f - 6*j - 25, -5*f - j + 5 = 0. What is the highest common factor of n and f?
1
Let m be 3/(-1) + (4 - (-10 - 99)). Let o = -48 - -92. What is the greatest common factor of o and m?
22
Suppose -16 = -4*h - 0*h. Suppose h*c - 72 = -5*c. Calculate the greatest common divisor of 40 and c.
8
Let p(t) = -42*t + 524. Let k be p(-6). What is the greatest common factor of 16 and k?
8
Let w = -810 - -1733. Calculate the greatest common factor of w and 26.
13
Suppose -3*u - 504 = -6*u. Suppose -3*o = -6*o + u. Let p = o + 35. What is the greatest common divisor of 13 and p?
13
Suppose -q + 4*z = -z - 65, -4*q + z = -184. Calculate the highest common factor of q and 75.
15
Suppose 2*v = 3*c - 6, -3*v + 31 = 3*c + 10. Let j(b) = b**2 - 5*b - 4. Let h be j(-3). Calculate the highest common factor of c and h.
4
Let v be (120/18)/(6 - 10740/1791). Calculate the greatest common factor of v and 10.
10
Let q = 144 + 12. Suppose q = 4*y - 132. Calculate the highest common divisor of 48 and y.
24
Suppose -c + 32 = -6. Calculate the greatest common factor of 323 and c.
19
Let s(q) = q**3 + 15*q**2 + 4*q + 32. Let n be s(-10). What is the highest common factor of n and 36?
12
Let y = 41 - 37. Suppose -l + j = 4*l - 91, y*l + 2*j - 70 = 0. Calculate the greatest common factor of l and 27.
9
Suppose p = 2, 314 - 752 = -5*k - 4*p. Suppose -6*c = -k - 202. What is the greatest common divisor of c and 6?
6
Let p = -43 + 34. Let n(z) = -4*z - 11. Let h be n(p). Calculate the greatest common divisor of h and 10.
5
Suppose -4*f = -f + 18. Let w = 31 + f. Suppose 16 = 4*i + 4*b, -13*i - 2*b - 12 = -15*i. Calculate the highest common factor of w and i.
5
Let j(z) be the first derivative of -z - 11/4*z**4 - z**3 - 1/2*z**2 + 9. Let s be j(-2). Calculate the highest common divisor of s and 11.
11
Suppose -3*u = k - 211, -5*k + 1294 = 4*u + 261. Calculate the highest common factor of k and 41.
41
Suppose -96264 = -1039*x + 1015*x. Calculate the highest common divisor of 21 and x.
21
Let t be 290/2 - (11 + -10). Let m = -859 - -868. What is the greatest common divisor of t and m?
9
Let b be 27/((-3)/(-99)*11). Calculate the highest common factor of 351 and b.
27
Let t(s) = -s**3 - 29*s**2 - 59*s - 19. Let y be t(-27). What is the highest common divisor of y and 58?
58
Suppose 5*i - 5*h - 270 = 0, -5*h = -49*i + 52*i - 178. Calculate the highest common factor of i and 182.
14
Let h be (-1)/(73/37 - 2). Let v = 40 + h. Let p(s) = s**3 - s**2 + s + 11. Let t be p(0). Calculate the highest common divisor of v and t.
11
Let b be 4/10 - 380/(-50). Let n(i) = -1 + 0*i - 2 + i**3 - 6*i**2 - 9*i - b. Let f be n(8). Calculate the highest common factor of 9 and f.
9
Let u = 1427 - 1250. What is the greatest common divisor of 59 and u?
59
Suppose -160 - 38 = -11*u. Calculate the highest common factor of 504 and u.
18
Let j = -245 - -255. Suppose -4*h + 5 = -3. Suppose 0 = s, -h*x = -4*s + 16 - 116. What is the greatest common factor of x and j?
10
Suppose 0 = s - 2*l - 23, -4*s - 5*l = 4 - 44. Let p be ((-10)/s)/(6/(-693)). Let x = 3 + 8. Calculate the highest common factor of p and x.
11
Let b = 287 - 71. What is the greatest common divisor of 27 and b?
27
Suppose 3*h = 15, j = -3*j + 3*h + 9. Let s(n) = n**2 + 3*n - 6. Let t be s(4). Suppose -j = r - t. Calculate the highest common factor of r and 4.
4
Suppose f - 3*f - 2582 = -5*m, -1028 = -2*m + 2*f. What is the highest common factor of m and 42?
14
Suppose 3*s + 0*d - 2*d = 398, 5*s - 638 = -3*d. Suppose -3*g + 522 = g - 5*l, -l - s = -g. What is the highest common factor of 8 and g?
8
Suppose -7*j - 4 = -6*j - 4*o, 5*o = 5*j + 95. Let g(b) = 4*b + 114. Let k be g(j). Suppose 2*q - 24 = -6. What is the greatest common factor of k and q?
9
Suppose -2*f - 3*j + 151 = 0, 0 = f - 5*j - 48 + 5. Suppose 12*u - 128 = 4*u. Suppose 0 = -3*t + 35 + u. What is the greatest common divisor of t and f?
17
Suppose -q - 2*q = -42. Let k = q + -6. Calculate the highest common factor of 20 and k.
4
Let p(z) = 24*z**2 - 15*z - 39. Let o be p(7). Calculate the greatest common factor of o and 24.
24
Let q be 214/5 - -18*(-20)/450. What is the greatest common divisor of 231 and q?
21
Suppose -u + 3*s + 152 = -52, -u = 4*s - 169. Let h(f) = 2*f**2 + 8*f + 3. Let k be h(-6). Calculate the greatest common factor of u and k.
27
Let n be 0/(-4 - (-3 + 0)). Suppose n = -4*r - r + 25. Suppose -y = -4*b - 111, 5*b - 502 - 103 = -r*y. Calculate the greatest common facto